 18665?
5, 3733
List the prime factors of 3392.
2, 53
What are the prime factors of 2393?
2393
What are the prime factors of 28682?
2, 14341
List the prime factors of 26480.
2, 5, 331
List the prime factors of 1668.
2, 3, 139
What are the prime factors of 1215?
3, 5
List the prime factors of 1964.
2, 491
List the prime factors of 213.
3, 71
What are the prime factors of 105152?
2, 31, 53
What are the prime factors of 19658?
2, 9829
List the prime factors of 5213.
13, 401
List the prime factors of 11163.
3, 61
List the prime factors of 14055.
3, 5, 937
What are the prime factors of 67043?
67043
What are the prime factors of 145?
5, 29
List the prime factors of 2263.
31, 73
What are the prime factors of 690?
2, 3, 5, 23
What are the prime factors of 18551?
13, 1427
What are the prime factors of 88439?
13, 6803
What are the prime factors of 3337?
47, 71
List the prime factors of 692.
2, 173
List the prime factors of 29895.
3, 5, 1993
What are the prime factors of 8446?
2, 41, 103
List the prime factors of 117956.
2, 37, 797
List the prime factors of 1877.
1877
What are the prime factors of 4593?
3, 1531
What are the prime factors of 321?
3, 107
List the prime factors of 14561.
14561
List the prime factors of 2375.
5, 19
What are the prime factors of 13210?
2, 5, 1321
List the prime factors of 257.
257
What are the prime factors of 2868?
2, 3, 239
List the prime factors of 9823.
11, 19, 47
List the prime factors of 3080.
2, 5, 7, 11
List the prime factors of 658.
2, 7, 47
List the prime factors of 91198.
2, 45599
List the prime factors of 2144.
2, 67
List the prime factors of 26981.
26981
What are the prime factors of 23986?
2, 67, 179
What are the prime factors of 4684?
2, 1171
List the prime factors of 535.
5, 107
What are the prime factors of 5780?
2, 5, 17
What are the prime factors of 12562?
2, 11, 571
What are the prime factors of 82?
2, 41
What are the prime factors of 2858?
2, 1429
What are the prime factors of 11126?
2, 5563
List the prime factors of 159.
3, 53
List the prime factors of 4384.
2, 137
List the prime factors of 4446.
2, 3, 13, 19
List the prime factors of 3129.
3, 7, 149
List the prime factors of 18360.
2, 3, 5, 17
List the prime factors of 2633.
2633
List the prime factors of 2368.
2, 37
List the prime factors of 6701.
6701
List the prime factors of 943.
23, 41
What are the prime factors of 731?
17, 43
List the prime factors of 2198.
2, 7, 157
List the prime factors of 19344.
2, 3, 13, 31
What are the prime factors of 1431?
3, 53
List the prime factors of 141856.
2, 11, 13, 31
List the prime factors of 11286.
2, 3, 11, 19
What are the prime factors of 1394?
2, 17, 41
What are the prime factors of 6968?
2, 13, 67
List the prime factors of 13648.
2, 853
List the prime factors of 12911.
12911
What are the prime factors of 5483?
5483
List the prime factors of 2562.
2, 3, 7, 61
List the prime factors of 7143.
3, 2381
List the prime factors of 14533.
14533
List the prime factors of 1706.
2, 853
List the prime factors of 10273.
10273
List the prime factors of 1821.
3, 607
List the prime factors of 28168.
2, 7, 503
List the prime factors of 36344.
2, 7, 11, 59
What are the prime factors of 3012?
2, 3, 251
List the prime factors of 2992.
2, 11, 17
What are the prime factors of 701?
701
List the prime factors of 12143.
12143
List the prime factors of 2083.
2083
What are the prime factors of 1020?
2, 3, 5, 17
List the prime factors of 188223.
3, 7, 8963
What are the prime factors of 25997?
25997
What are the prime factors of 2930?
2, 5, 293
List the prime factors of 10473.
3, 3491
List the prime factors of 543.
3, 181
List the prime factors of 4440.
2, 3, 5, 37
List the prime factors of 29590.
2, 5, 11, 269
What are the prime factors of 3917?
3917
What are the prime factors of 6865?
5, 1373
What are the prime factors of 7115?
5, 1423
List the prime factors of 228.
2, 3, 19
What are the prime factors of 10313?
10313
What are the prime factors of 2151?
3, 239
List the prime factors of 55198.
2, 11, 13, 193
What are the prime factors of 1743?
3, 7, 83
What are the prime factors of 1162?
2, 7, 83
What are the prime factors of 11136?
2, 3, 29
What are the prime factors of 19205?
5, 23, 167
What are the prime factors of 19035?
3, 5, 47
What are the prime factors of 4494?
2, 3, 7, 107
List the prime factors of 41905.
5, 17, 29
List the prime factors of 138.
2, 3, 23
List the prime factors of 480.
2, 3, 5
List the prime factors of 12480.
2, 3, 5, 13
What are the prime factors of 35189?
7, 11, 457
List the prime factors of 26287.
97, 271
What are the prime factors of 952?
2, 7, 17
List the prime factors of 1926.
2, 3, 107
List the prime factors of 8379.
3, 7, 19
What are the prime factors of 42308?
2, 7, 1511
List the prime factors of 1179.
3, 131
List the prime factors of 4560.
2, 3, 5, 19
What are the prime factors of 9769?
9769
What are the prime factors of 11893?
7, 1699
What are the prime factors of 30777?
3, 10259
List the prime factors of 1255.
5, 251
List the prime factors of 40179.
3, 59, 227
What are the prime factors of 57358?
2, 7, 17, 241
What are the prime factors of 1887?
3, 17, 37
List the prime factors of 4182.
2, 3, 17, 41
What are the prime factors of 1790?
2, 5, 179
What are the prime factors of 943?
23, 41
List the prime factors of 264.
2, 3, 11
What are the prime factors of 2759?
31, 89
List the prime factors of 620.
2, 5, 31
What are the prime factors of 2810?
2, 5, 281
List the prime factors of 2615.
5, 523
What are the prime factors of 1864?
2, 233
What are the prime factors of 972?
2, 3
List the prime factors of 17228.
2, 59, 73
List the prime factors of 125057.
79, 1583
What are the prime factors of 78?
2, 3, 13
List the prime factors of 892.
2, 223
List the prime factors of 2991.
3, 997
List the prime factors of 29733.
3, 11, 17, 53
What are the prime factors of 20483?
20483
What are the prime factors of 7093?
41, 173
List the prime factors of 7043.
7043
List the prime factors of 841.
29
List the prime factors of 33885.
3, 5, 251
List the prime factors of 28554.
2, 3, 4759
List the prime factors of 40613.
17, 2389
What are the prime factors of 2185?
5, 19, 23
List the prime factors of 14150.
2, 5, 283
List the prime factors of 1299.
3, 433
What are the prime factors of 1981?
7, 283
What are the prime factors of 151?
151
What are the prime factors of 7783?
43, 181
What are the prime factors of 2032?
2, 127
List the prime factors of 4403.
7, 17, 37
What are the prime factors of 2820?
2, 3, 5, 47
List the prime factors of 14517.
3, 1613
List the prime factors of 881.
881
What are the prime factors of 126539?
7, 18077
What are the prime factors of 268?
2, 67
List the prime factors of 8322.
2, 3, 19, 73
List the prime factors of 8594.
2, 4297
What are the prime factors of 3119?
3119
What are the prime factors of 38973?
3, 11, 1181
What are the prime factors of 473?
11, 43
What are the prime factors of 58622?
2, 29311
List the prime factors of 21925.
5, 877
What are the prime factors of 18348?
2, 3, 11, 139
List the prime factors of 13488.
2, 3, 281
List the prime factors of 1237.
1237
List the prime factors of 2682.
2, 3, 149
What are the prime factors of 2687?
2687
List the prime factors of 38144.
2, 149
List the prime factors of 11515.
5, 7, 47
What are the prime factors of 23494?
2, 17, 691
List the prime factors of 37895.
5, 11, 13, 53
List the prime factors of 2013.
3, 11, 61
What are the prime factors of 1643?
31, 53
List the prime factors of 5185.
5, 17, 61
List the prime factors of 2248.
2, 281
List the prime factors of 74985.
3, 5, 4999
List the prime factors of 19234.
2, 59, 163
List the prime factors of 495.
3, 5, 11
List the prime factors of 9419.
9419
List the prime factors of 37951.
37951
List the prime factors of 485.
5, 97
What are the prime factors of 1315?
5, 263
What are the prime factors of 5040?
2, 3, 5, 7
List the prime factors of 6286.
2, 7, 449
List the prime factors of 1242.
2, 3, 23
List the prime factors of 69221.
69221
What are the prime factors of 12103?
7, 13, 19
What are the prime factors of 18270?
2, 3, 5, 7, 29
What are the prime factors of 13?
13
What are the prime factors of 7334?
2, 19, 193
List the prime factors of 1704.
2, 3, 71
What are the prime factors of 1282?
2, 641
What ar